ase 9) to base 7
14665
1797 (base 14) to base 10
4249
Convert 543 (base 8) to base 11.
2a3
Convert 9434 (base 16) to base 14.
db80
-103310 (base 4) to base 16
-4f4
Convert 143 (base 16) to base 9.
388
Convert 3b1 (base 12) to base 13.
346
-520 (base 6) to base 16
-c0
What is -26562 (base 7) in base 10?
-7149
Convert 738 (base 13) to base 9.
1616
What is 76 (base 9) in base 5?
234
Convert 8143 (base 13) to base 14.
66b6
4a3 (base 11) to base 12
419
What is -515 (base 11) in base 12?
-439
5e9 (base 15) to base 4
111000
-1100001000 (base 2) to base 6
-3332
What is -2320 (base 4) in base 5?
-1214
What is -8b0 (base 15) in base 16?
-7ad
What is -2ca5 (base 13) in base 7?
-25055
Convert 208 (base 15) to base 2.
111001010
Convert 4255 (base 7) to base 6.
10554
What is -17a2b (base 12) in base 6?
-422455
2740 (base 14) to base 4
1230010
What is 223332 (base 4) in base 9?
3766
-a70 (base 11) to base 16
-507
-40330 (base 7) to base 10
-9772
Convert 5269 (base 12) to base 6.
105413
What is 1414 (base 6) in base 3?
111201
-134141 (base 5) to base 10
-5546
What is 27 (base 11) in base 16?
1d
What is 364 (base 7) in base 13?
11b
-12000220 (base 3) to base 11
-2836
Convert 20783 (base 9) to base 2.
11010111000100
3304 (base 5) to base 14
246
Convert 101220221 (base 3) to base 12.
4737
-1102211 (base 3) to base 16
-418
-106306 (base 8) to base 6
-434502
Convert 13841 (base 9) to base 15.
2bdd
What is -411 (base 10) in base 4?
-12123
Convert 1c2a (base 14) to base 6.
35434
6307 (base 8) to base 16
cc7
What is -1417 (base 10) in base 11?
-1079
What is -1016 (base 7) in base 8?
-544
-a4 (base 14) to base 10
-144
240332 (base 5) to base 12
514a
What is 15479 (base 13) in base 11?
28327
Convert 4689 (base 12) to base 4.
1323021
Convert -263 (base 8) to base 5.
-1204
-1195 (base 14) to base 10
-3071
Convert ab5 (base 15) to base 4.
211310
Convert -11013 (base 5) to base 2.
-1011110110
-233 (base 11) to base 7
-545
1020210010 (base 3) to base 9
36703
What is -a52 (base 14) in base 3?
-2210021
Convert 5595 (base 14) to base 11.
10163
Convert 5bb (base 16) to base 5.
21332
10111101000001 (base 2) to base 16
2f41
Convert 373 (base 10) to base 16.
175
What is 37b8 (base 15) in base 6?
130545
132120 (base 4) to base 2
11110011000
What is -11627 (base 9) in base 15?
-24a1
Convert 2546 (base 7) to base 11.
7a8
What is 112453 (base 6) in base 13?
4539
Convert -1000111000001 (base 2) to base 8.
-10701
What is 2845 (base 10) in base 12?
1791
-1253 (base 11) to base 14
-847
bdb (base 16) to base 2
101111011011
-464a (base 12) to base 5
-222314
Convert 101000011100 (base 2) to base 14.
d2c
451 (base 9) to base 5
2440
Convert -46622 (base 11) to base 6.
-1235324
-219 (base 10) to base 4
-3123
313 (base 16) to base 6
3351
11011112 (base 3) to base 6
22022
Convert -56b (base 16) to base 9.
-1811
What is -10101110110010 (base 2) in base 7?
-44420
Convert -9724 (base 10) to base 5.
-302344
What is -2120 (base 9) in base 8?
-3025
-5033 (base 9) to base 4
-321123
What is 100305 (base 6) in base 11?
5a22
Convert 11793 (base 10) to base 3.
121011210
-f882 (base 16) to base 11
-43885
What is 11101111011 (base 2) in base 14?
9ab
Convert -5850 (base 9) to base 12.
-2616
Convert 330230 (base 5) to base 6.
124215
Convert -11100001111010 (base 2) to base 9.
-21744
What is -185 (base 16) in base 6?
-1445
What is 1527 (base 12) in base 11?
1954
Convert -2380 (base 13) to base 12.
-2a91
19462 (base 11) to base 5
1332142
Convert -441c (base 15) to base 10.
-14427
What is -21121022 (base 3) in base 10?
-5543
Convert -c7a (base 15) to base 11.
-212a
What is 412a (base 16) in base 13?
7793
-6a44 (base 13) to base 11
-10241
Convert 4216 (base 7) to base 12.
a37
-433223 (base 5) to base 3
-202022122
-8815 (base 9) to base 6
-50022
-452c (base 16) to base 13
-80a2
Convert -89f5 (base 16) to base 9.
-53401
What is 7081 (base 13) in base 7?
63100
Convert -101001000 (base 2) to base 12.
-234
1222221 (base 3) to base 10
1456
-1547 (base 9) to base 14
-601
What is -1357 (base 16) in base 3?
-20210101
251 (base 15) to base 7
1351
Convert 3134 (base 9) to base 7.
6463
What is -13134 (base 8) in base 5?
-140344
Convert 4434 (base 5) to base 9.
757
Convert 140 (base 5) to base 3.
1200
Convert -110011010010 (base 2) to base 8.
-6322
Convert -47025 (base 9) to base 13.
-11381
11384 (base 11) to base 7
65615
Convert 63d0 (base 15) to base 16.
5280
Convert -120130 (base 4) to base 2.
-11000011100
What is 100311030 (base 4) in base 5?
4201230
Convert 32332 (base 4) to base 2.
1110111110
What is -a912 (base 15) in base 14?
-d088
Convert -6443 (base 7) to base 11.
-1798
120212 (base 4) to base 12
ab2
52 (base 16) to base 5
312
4446 (base 13) to base 11
7177
What is 24311 (base 5) in base 16?
727
133442 (base 5) to base 16
1579
What is 110100111000 (base 2) in base 5?
102014
What is 1123003 (base 4) in base 2?
1011011000011
What is 8668 (base 13) in base 15?
5801
Convert 223213 (base 4) to base 15.
c61
Convert -1342012 (base 6) to base 16.
-12758
Convert 17510 (base 8) to base 12.
4774
-500 (base 12) to base 11
-5a5
-2318 (base 11) to base 8
-5744
Convert 40551 (base 9) to base 16.
6847
Convert -12140 (base 5) to base 12.
-648
Convert 430 (base 14) to base 16.
33a
Convert 4287 (base 9) to base 13.
158b
Convert -10100010100 (base 2) to base 4.
-110110
-5968 (base 11) to base 9
-11646
What is 834 (base 11) in base 15?
470
What is 490 (base 13) in base 10?
793
Convert -80a (base 11) to base 3.
-1100020
Convert -1fd9 (base 16) to base 2.
-1111111011001
What is 51363 (base 8) in base 11?
14a55
Convert 100000100110 (base 2) to base 11.
1627
What is -290b (base 12) in base 2?
-1001010011011
What is -1110110111 (base 2) in base 15?
-436
What is -1b2 (base 15) in base 4?
-12020
-a83 (base 15) to base 9
-3226
What is 7983 (base 13) in base 15?
508c
121011022 (base 3) to base 5
334110
What is 164455 (base 7) in base 11?
22728
Convert -133554 (base 6) to base 7.
-51343
What is 1410430 (base 5) in base 13?
101a5
What is -3251 (base 6) in base 10?
-751
What is -700 (base 16) in base 5?
-24132
What is 244 (base 5) in base 10?
74
-202030 (base 4) to base 12
-1324
-236 (base 13) to base 10
-383
Convert -47340 (base 8) to base 13.
-9263
Convert 2152 (base 11) to base 15.
c95
What is 1995 (base 10) in base 15?
8d0
-221100102 (base 3) to base 5
-1042404
Convert -111000110 (base 2) to base 10.
-454
Convert 8207 (base 11) to base 7.
43525
3680 (base 15) to base 6
125403
What is 3000011 (base 4) in base 9?
17768
What is 413324 (base 5) in base 11?
a234
What is 1a4 (base 14) in base 8?
524
What is -101001101001011 (base 2) in base 8?
-51513
What is -5962 (base 10) in base 3?
-22011211
What is -1571 (base 14) in base 10?
-3823
What is -168c2 (base 15) in base 2?
-10001110010011001
6a3 (base 15) to base 11
1147
Convert -5105 (base 6) to base 9.
-1475
What is 1527 (base 11) in base 10?
1965
Convert -2245 (base 9) to base 6.
-11405
What is 10001110 (base 3) in base 9?
3043
31b (base 14) to base 12
431
Convert 12000012 (base 3) to base 8.
7102
Convert d75 (base 14) to base 15.
bbb
What is -44332 (base 5) in base 3?
-11020112
Convert 4a8 (base 13) to base 14.
422
Convert -34644 (base 7) to base 15.
-2986
What is -2a1 (base 15) in base 8?
-1131
Convert -12222201 (base 3) to base 11.
-330a
What is -186 (base 13) in base 15?
-139
What is 751 (base 11) in base 9?
1213
What is 37a (base 11) in base 7?
1212
-16a (base 13) to base 6
-1105
What is 1a6 (base 15) in base 16?
17d
What is -305 (base 16) in base 7?
-2153
What is 3c68 (base 14) in base 3?
112122102
Convert 1000001110000011 (base 2) to base 3.
1201011221
43b (base 12) to base 4
21233
What is 150c (base 13) in base 10?
3054
-405116 (base 7) to base 11
-47932
-1001 (base 8) to base 14
-289
What is -b792 (base 13) in base 11?
-18154
-41c0 (base 13) to base 4
-2032121
Convert 6644 (base 7) to base 2.
100101010000
Convert 40441 (base 6) to base 5.
132403
22278 (base 9) to base 11
10147
732 (base 13) to base 11
a13
What is 380 (base 9) in base 12?
223
Convert 1563 (base 8) to base 5.
12013
What is 13032111 (base 4) in base 9?
44526
What is -221122 (base 4) in base 11?
-1a9a
What is 412 (base 13) in base 14?
375
Convert 1652 (base 14) to base 5.
111432
What is -1005c (base 13) in base 12?
-146a6
Co